n. Give d(11).
-2
Let g(h) = -7*h**2 - 11*h + 16. Let w be g(11). Let a be -1 + 11/9 + w/72. Let q(d) = d**2 + 13*d + 5. Calculate q(a).
5
Let j(q) be the third derivative of q**6/120 - 3*q**5/5 + q**4/6 - 51*q**3/2 - 3076*q**2. What is j(36)?
-9
Let x be 376/(-940) + 44/10. Let q(l) = l**3 - 4*l**2 + 2*l + 9. Calculate q(x).
17
Let i(k) be the first derivative of -3/2*k**2 - 18 - 6*k. What is i(-2)?
0
Let z(r) be the first derivative of r**4/12 + 7*r**3/6 + r**2/2 - 137*r + 408. Let k(d) be the first derivative of z(d). Let v = -14 + 8. What is k(v)?
-5
Let a(m) = m + 0*m - 3 - 1. Let g = -79 - -126. Let s = g + -43. What is a(s)?
0
Let r = -6 + 10. Suppose 0 = l + r*s - 5, -6*s + 8 = 4*l - 2*s. Let m(t) = 791*t - 329*t - 1 - 230*t + 1 - 230*t. Determine m(l).
2
Let s(h) be the first derivative of -8 - 4*h**2 - 1/3*h**3 - 9*h. Let r(u) = u**3 + 8*u**2 - 7*u + 12. Let f be r(-9). Determine s(f).
3
Let y(g) = -2*g**3 + 11*g**2 + 11*g + 56. Let s be y(7). Let b(w) = -w**3 - 17*w**2 - 43*w - 16. Calculate b(s).
-2
Let g(d) = 11*d**3 + d**2 - d - 1. Suppose -13*s = 15989 - 16002. Determine g(s).
10
Let u(a) = 2*a**2 - 11*a + 1. Let g(p) = 11*p**2 + 23*p - 5. Let l(x) = g(x) + 2*u(x). Give l(2).
59
Suppose 8*o - o = 35. Suppose -8 = 5*f - 3*n, o*f + n + 32 = 8. Let d(g) be the second derivative of g**5/20 + g**4/3 - g**3/6 + 2*g**2 + 8*g. What is d(f)?
8
Let g(u) be the first derivative of 2*u**2 - 10*u + 5765. Determine g(9).
26
Let q = -18 - -29. Suppose -4*d - 5*p - 6 = 0, 5*d - 2*p = p + q. Let x(c) be the first derivative of -4*c**2 + c - 26. What is x(d)?
-7
Let q be (-3 + 1)*-8*(-3)/48. Let j be 2 - 2 - (q*12)/4. Suppose a + 0 = -j. Let g(n) = -n**3 - 3*n**2 - n - 4. What is g(a)?
-1
Let x(k) be the second derivative of -6*k**2 + 215*k + 0 - 1/12*k**4 + 11/6*k**3. Give x(8).
12
Let w(r) = r**2 + 2*r - 2. Let k = 281 - 480. Let z = k - -196. Determine w(z).
1
Let s(h) = -h**3 - 3*h**2 + 2*h + 1. Let l(j) = 5*j + 32. Let u be l(-18). Let w = u + 25. Let f = w + 30. Calculate s(f).
-5
Let g(u) = -5*u - 30. Let w = -5565 + 5560. Calculate g(w).
-5
Let z be 60/(-18)*216/120. Let m(d) = -5*d**2 - 30*d + 7. Calculate m(z).
7
Let t(x) be the third derivative of -x**6/60 + 43*x**5/30 + x**4/12 - 15*x**3 + 2320*x**2. What is t(43)?
-4
Let w = -903 + 911. Let o(j) = -1. Let s(b) = -3*b + 12. Let r(m) = 6*o(m) + s(m). Give r(w).
-18
Let x(p) = -4*p - 4 + 2*p + p. Let b = 18668 + -18662. Determine x(b).
-10
Let l = 26661 + -26657. Let y(a) be the second derivative of -a**3/6 + 2*a**2 + a. What is y(l)?
0
Let d(a) = -903 - 4*a + 820 + 43. Calculate d(-9).
-4
Suppose -73 = -2*g + 5*s + 120, 98 = g - s. Let q(l) = 3*l**3 + 4*l**2 - 5*l + 3. Let i be q(3). Let z = g - i. Let n(v) = v**2 + 3*v - 5. Calculate n(z).
13
Suppose 5*y = r + 1, 18*y = -4*r + 13*y + 21. Suppose r*p + 13*q = 15*q - 78, 4*p = -2*q - 58. Let f(s) = s + 12. Give f(p).
-5
Let r(z) = -6*z + 2. Let c be r(2). Let x(w) = -11*w + 1 - 21560*w**2 - 9 - 21557*w**2 + 43116*w**2. Give x(c).
2
Let v(c) = -c**2 - 4*c - 7. Suppose -3*a - 1 = 4*l + 21, -5*a = 4*l + 26. Determine v(l).
-7
Let y(k) be the first derivative of k**3/3 - 29*k**2/2 - 53*k + 9429. What is y(31)?
9
Let b be (-124)/(-31) + 3/(-3) + 3. Let d(z) = z**2 + 7*z - 56. What is d(b)?
22
Let l(v) = -v**3 + v**2 + 6*v + 1. Let x(r) = 394*r + 3152. Let c be x(-8). Determine l(c).
1
Let q(i) = -i**3 + 7*i**2 + 22*i - 22. Let t be q(9). Let p(h) = -25*h + 9*h - h**2 + 5*h + t*h. Suppose 2*a = 3*c - 3, 4*c - 21 = a - 4*a. Calculate p(c).
0
Suppose -8*a = 7*a - 75. Let h(d) = 4*d - 3. Let i(s) = -9*s + 5. Let y(p) = a*h(p) + 3*i(p). Suppose 4*m + 0 = -3*f - 5, m = -2. Give y(f).
-7
Let z(w) = -92*w - 195*w + 20 + 294*w. Let g(y) = 20*y + 38. Let x(c) = -7*c - 13. Let o(b) = 3*g(b) + 8*x(b). Let j(u) = -5*o(u) + 3*z(u). Determine j(0).
10
Let j(t) = t**3 - 29*t**2 + 29*t - 33. Let h be j(28). Let g(z) = -22*z**2 + 10*z - 22. Let w(n) = -9*n**2 + 4*n - 9. Let i(c) = h*g(c) + 12*w(c). What is i(3)?
14
Let g(k) = 2 + 13768*k - 79 - 13754*k. Determine g(6).
7
Let x(g) = g**2 + 9*g - 87. Let a be 280/30*36/(-24). Determine x(a).
-17
Let o(b) = 7*b + 0*b + 8*b - 100 - 20*b + 8*b. What is o(32)?
-4
Let y(k) = -k - 12. Let s(v) = 5*v**3 - 7*v**2 + 42*v + 6. Let x(o) = -4*o**3 + 8*o**2 - 43*o - 6. Let r(c) = 5*s(c) + 6*x(c). Let m be r(-16). What is y(m)?
-6
Let s = 2 - 1. Let h(b) = 2*b**3 + 11*b - 3. Let m(d) = 13*d**3 - d**2 + 144*d - 39. Let v(g) = -13*h(g) + m(g). What is v(s)?
-13
Suppose -2*r + 1 = -k - 1, -5*k + 5 = -5*r. Let i(d) = 6*d + d**r + 3*d - 5 - 7*d**2 - 15*d. Determine i(8).
11
Let g(b) = -15*b**2 - 9*b + 21. Let y(x) = 8*x**2 - 2*x. Let o(a) = g(a) + 2*y(a). What is o(4)?
-15
Let l(t) be the second derivative of -3*t**3/2 - 173*t**2/2 - 3022*t. What is l(-19)?
-2
Let i(c) = -2 - 129*c**2 + 128*c**2 + 0. Suppose -2*s - 31 = 4*s - 49. Determine i(s).
-11
Let j(g) = g. Let f(w) = -2*w. Let p(z) = -3*f(z) - 5*j(z). Let x(i) = -5*i + 18. Let n(q) = -3*p(q) - x(q). Let s be 1/3 - 70/(-6). Determine n(s).
6
Let z(f) = -f**2 + 4*f + 1. Let p be z(4). Let u(t) = 4*t**3 + 5*t**2 - 26*t. Let b(j) = 4*j**3 + 6*j**2 - 31*j. Let l(n) = -5*b(n) + 6*u(n). Calculate l(p).
3
Let o(l) = -2*l - 20. Let s be o(-12). Let u(b) = -b**2 + 9*b + 6. Let a be u(9). Let p(y) = -2 - 3*y + 1 + a - s. Determine p(1).
-2
Let y(k) = -k**2 - 5*k + 5. Suppose -j - 819 = -1504. Let l = 677 - j. What is y(l)?
-19
Suppose 5*r = 5*f + 9 - 59, -5*r - 10 = 3*f. Let l(n) = 2*n**2 + n - 6. Give l(r).
39
Let u(i) = 2*i + 51. Let b(x) = -11*x - 184. Let w(y) = 6*b(y) + 22*u(y). Determine w(-4).
106
Let j(h) = -4*h + 16. Let w(z) = -3*z + 20. Let y(x) = -4*j(x) + 5*w(x). Calculate y(10).
46
Let o(y) = -2*y**2 - 4*y + 3. Let g(v) = -9*v**2 + 20*v - 233. Let p(s) = g(s) - 4*o(s). What is p(26)?
15
Let h(x) be the second derivative of -5*x**4/12 - 5*x**3/3 - 11*x**2/2 - x. Let q(z) = 56424 - 28215 - z**2 - 28210. Let u(w) = h(w) - 4*q(w). Give u(-8).
9
Suppose -24*q - 24 = -20*q. Let m(p) be the third derivative of p**6/120 + p**5/10 - p**4/24 - p**3/6 - 20*p**2. Calculate m(q).
5
Let s(x) = -249*x**2 + 5*x + 18. Let b(q) = 41*q**2 - q - 3. Let r(h) = 13*b(h) + 2*s(h). Give r(-1).
35
Let t(m) = m**2 + 2*m - 1. Suppose 3*d + 4*c + 8 = 14, -3*d = 5*c - 6. Determine t(d).
7
Let r(l) be the third derivative of l**4/8 - 5*l**3/6 + 690*l**2 + l. Determine r(-3).
-14
Let v(a) be the third derivative of a**6/720 + a**5/40 + 21*a**4/8 - 71*a**2. Let s(k) be the second derivative of v(k). Determine s(-6).
-3
Let k(t) = -2*t + 1. Suppose -2*p + 3*x + 32 = 0, -5*x + 11 - 1 = 0. Suppose -59 = 3*a - l, 0 = 3*a + 7*l - 9*l + 55. Let y = p + a. Calculate k(y).
5
Let h(n) be the third derivative of -n**5/30 + 2*n**4/3 - 5*n**3/3 - 294*n**2. Determine h(5).
20
Suppose 0 = -2*a - 16. Let p be 1760/140 + a/14. Let g be p + -9 + (-1 - 1). Let m(c) = 3*c**2 - c. What is m(g)?
2
Let t be 0 + 20 + -17 - (0 - -7). Let p(a) be the first derivative of a**3/3 + 3*a**2/2 + 3*a - 3. Give p(t).
7
Let j(b) = -b**3 + 15*b**2 + 11*b - 1. Let t(n) = n**2 - 72*n + 351. Let x be t(67). What is j(x)?
-81
Let p(f) = -f + 2*f + 50186 - 50191. Suppose 4*r + 50 = 2*q, -2*q + 0*r - 3*r + 15 = 0. Give p(q).
10
Let s(d) = -9*d + 189. Let u be s(14). Suppose -20*m - u = -27*m. Let y(a) = 4*a - 7. Let b(h) = -5*h + 8. Let l(t) = 3*b(t) + 4*y(t). What is l(m)?
5
Let q(w) = -w**3 - 3*w**2 + w + 2. Let t = 28 - 136. Let g = t + 106. Calculate q(g).
-4
Let g(b) be the first derivative of 8*b**3 + 119 - 13*b**3 + 16 - 46 + 63. Calculate g(1).
-15
Let b be 1 + ((-4)/2 - -3). Let p(c) = 10*c**2 + 224 - 222 - 8*c**2. What is p(b)?
10
Suppose j = 2*q - 2*j, -5*q = -2*j. Suppose q = 4*r + 108 - 100. Let k(z) = -z**2 - 2*z - 2. Give k(r).
-2
Let d(c) = 29*c - 3050 + 3083 - 44*c. Calculate d(4).
-27
Let f(o) = -485*o**2 + 18*o**3 + 487*o**2 + 0*o + 0*o + 21*o**3. Give f(-1).
-37
Let a(r) = r**2 + 3*r + 9. Suppose 0 = -3*b - 5*z + 29, -b + 2*b = -5*z + 13. Determine a(b).
97
Let c(r) = -2*r**2 + 5*r + 14. Suppose 5*z = -340 + 385. Determine c(z).
-103
Let h(f) be the first derivative of f**4/4 + 8*f**3/3 + 2*f**2 - 4574. Calculate h(-4).
48
Let k(r) = r**2 - 8*r + 4. Let s = -101 + 105. Suppose -5*y + s*u + 24 = -16, -2*u = 0. Calculat